inder when 880 is divided by 36.
16
What is the remainder when 693 is divided by 336?
21
What is the remainder when 1478 is divided by 16?
6
Calculate the remainder when 112 is divided by 40.
32
What is the remainder when 10 is divided by 10?
0
What is the remainder when 1672 is divided by 27?
25
Calculate the remainder when 911 is divided by 17.
10
Calculate the remainder when 120 is divided by 14.
8
Calculate the remainder when 1004 is divided by 91.
3
Calculate the remainder when 50 is divided by 7.
1
Calculate the remainder when 217 is divided by 114.
103
What is the remainder when 777 is divided by 202?
171
What is the remainder when 273 is divided by 19?
7
What is the remainder when 396 is divided by 81?
72
What is the remainder when 501 is divided by 65?
46
What is the remainder when 153 is divided by 93?
60
Calculate the remainder when 233 is divided by 32.
9
Calculate the remainder when 14320 is divided by 42.
40
Calculate the remainder when 279 is divided by 40.
39
Calculate the remainder when 1551 is divided by 14.
11
What is the remainder when 1058 is divided by 63?
50
What is the remainder when 1415 is divided by 41?
21
Calculate the remainder when 241 is divided by 101.
39
Calculate the remainder when 212 is divided by 110.
102
What is the remainder when 224 is divided by 114?
110
Calculate the remainder when 107 is divided by 16.
11
What is the remainder when 1735 is divided by 218?
209
Calculate the remainder when 3310 is divided by 79.
71
Calculate the remainder when 1145 is divided by 1145.
0
What is the remainder when 136 is divided by 120?
16
What is the remainder when 1240 is divided by 123?
10
Calculate the remainder when 136 is divided by 41.
13
What is the remainder when 794 is divided by 19?
15
Calculate the remainder when 5608 is divided by 16.
8
Calculate the remainder when 15 is divided by 1.
0
What is the remainder when 648 is divided by 21?
18
Calculate the remainder when 1847 is divided by 84.
83
What is the remainder when 500 is divided by 79?
26
Calculate the remainder when 59 is divided by 51.
8
Calculate the remainder when 1312 is divided by 12.
4
Calculate the remainder when 52 is divided by 31.
21
What is the remainder when 426 is divided by 106?
2
Calculate the remainder when 236 is divided by 80.
76
What is the remainder when 472 is divided by 92?
12
What is the remainder when 118 is divided by 24?
22
Calculate the remainder when 16 is divided by 15.
1
What is the remainder when 279 is divided by 97?
85
Calculate the remainder when 243 is divided by 19.
15
What is the remainder when 561 is divided by 64?
49
Calculate the remainder when 63 is divided by 12.
3
Calculate the remainder when 91 is divided by 35.
21
Calculate the remainder when 115 is divided by 40.
35
Calculate the remainder when 2235 is divided by 44.
35
Calculate the remainder when 805 is divided by 29.
22
What is the remainder when 115 is divided by 58?
57
Calculate the remainder when 858 is divided by 40.
18
Calculate the remainder when 8172 is divided by 11.
10
Calculate the remainder when 113 is divided by 22.
3
Calculate the remainder when 557 is divided by 18.
17
Calculate the remainder when 64 is divided by 16.
0
Calculate the remainder when 291 is divided by 73.
72
What is the remainder when 70 is divided by 20?
10
What is the remainder when 1155 is divided by 15?
0
What is the remainder when 207 is divided by 11?
9
Calculate the remainder when 804 is divided by 206.
186
What is the remainder when 2202 is divided by 76?
74
Calculate the remainder when 3672 is divided by 15.
12
Calculate the remainder when 130 is divided by 33.
31
Calculate the remainder when 97 is divided by 34.
29
Calculate the remainder when 469 is divided by 61.
42
What is the remainder when 514 is divided by 40?
34
Calculate the remainder when 84 is divided by 39.
6
What is the remainder when 1102 is divided by 23?
21
What is the remainder when 1352 is divided by 270?
2
Calculate the remainder when 14451 is divided by 13.
8
Calculate the remainder when 306 is divided by 57.
21
What is the remainder when 4423 is divided by 75?
73
What is the remainder when 101 is divided by 18?
11
What is the remainder when 25 is divided by 19?
6
Calculate the remainder when 8245 is divided by 38.
37
What is the remainder when 12818 is divided by 229?
223
Calculate the remainder when 141 is divided by 67.
7
Calculate the remainder when 956 is divided by 180.
56
What is the remainder when 150 is divided by 20?
10
What is the remainder when 690 is divided by 9?
6
Calculate the remainder when 15871 is divided by 125.
121
What is the remainder when 16874 is divided by 9?
8
What is the remainder when 21 is divided by 20?
1
Calculate the remainder when 923 is divided by 33.
32
What is the remainder when 4598 is divided by 40?
38
What is the remainder when 140 is divided by 33?
8
What is the remainder when 38356 is divided by 18?
16
What is the remainder when 782 is divided by 211?
149
What is the remainder when 250 is divided by 63?
61
What is the remainder when 869 is divided by 318?
233
Calculate the remainder when 123 is divided by 81.
42
Calculate the remainder when 108 is divided by 26.
4
Calculate the remainder when 892 is divided by 98.
10
What is the remainder when 35 is divided by 20?
15
Calculate the remainder when 156 is divided by 89.
67
What is the remainder when 13649 is divided by 35?
34
What is the remainder when 459 is divided by 130?
69
What is the remainder when 17542 is divided by 43?
41
What is the remainder when 3188 is divided by 22?
20
Calculate the remainder when 650 is divided by 639.
11
What is the remainder when 447 is divided by 32?
31
Calculate the remainder when 1317 is divided by 20.
17
Calculate the remainder when 31749 is divided by 63.
60
Calculate the remainder when 138 is divided by 43.
9
What is the remainder when 556 is divided by 13?
10
What is the remainder when 281 is divided by 41?
35
Calculate the remainder when 276 is divided by 93.
90
Calculate the remainder when 396 is divided by 80.
76
What is the remainder when 6429 is divided by 157?
149
Calculate the remainder when 1673 is divided by 58.
49
What is the remainder when 2795 is divided by 165?
155
Calculate the remainder when 256 is divided by 13.
9
What is the remainder when 254 is divided by 122?
10
What is the remainder when 484 is divided by 85?
59
What is the remainder when 1645 is divided by 25?
20
What is the remainder when 243 is divided by 114?
15
Calculate the remainder when 425 is divided by 74.
55
What is the remainder when 65 is divided by 16?
1
What is the remainder when 238 is divided by 69?
31
Calculate the remainder when 49 is divided by 14.
7
What is the remainder when 1854 is divided by 117?
99
Calculate the remainder when 402 is divided by 102.
96
What is the remainder when 246 is divided by 84?
78
What is the remainder when 12 is divided by 9?
3
What is the remainder when 481 is divided by 238?
5
Calculate the remainder when 24 is divided by 11.
2
Calculate the remainder when 63 is divided by 60.
3
What is the remainder when 217 is divided by 64?
25
What is the remainder when 865 is divided by 20?
5
What is the remainder when 753 is divided by 97?
74
Calculate the remainder when 130 is divided by 17.
11
What is the remainder when 1006 is divided by 31?
14
Calculate the remainder when 821 is divided by 65.
41
Calculate the remainder when 9064 is divided by 7.
6
What is the remainder when 262 is divided by 38?
34
Calculate the remainder when 5457 is divided by 84.
81
Calculate the remainder when 341 is divided by 49.
47
What is the remainder when 839 is divided by 251?
86
What is the remainder when 356 is divided by 61?
51
What is the remainder when 119 is divided by 31?
26
Calculate the remainder when 1002 is divided by 111.
3
What is the remainder when 262 is divided by 80?
22
Calculate the remainder when 58505 is divided by 294.
293
What is the remainder when 133 is divided by 19?
0
What is the remainder when 135 is divided by 10?
5
Calculate the remainder when 239 is divided by 60.
59
Calculate the remainder when 277 is divided by 14.
11
What is the remainder when 11943 is divided by 206?
201
What is the remainder when 27 is divided by 14?
13
What is the remaind